is the units digit of h(1)?
3
Let f(w) = -2*w**3 + w**2 + w - 2. What is the units digit of f(-2)?
6
Let p = 15 + -10. What is the tens digit of 3 - (p + -3 + -12)?
1
Suppose -4*c + c + 6 = 0. Let x be (6/(-5))/(c/(-5)). Suppose -3 = -2*j + f - 0, j - x*f = 4. What is the units digit of j?
1
Suppose -27 = -4*g + s + 2*s, -3*g - s + 4 = 0. Suppose r + 2*r = -c + 74, -4*r + g*c = -116. What is the units digit of r?
6
Let y(u) = -8*u + 13. Let c(i) = -7*i + 12. Let d(n) = -6*c(n) + 5*y(n). What is the units digit of d(9)?
1
Let x(t) = -t**2 - 5*t - 2. Let a(q) = 2*q**2 + 11*q + 6. Let y be a(-7). Suppose 5*p + 19 = i, -3*i + y = -5*p - 0. What is the units digit of x(p)?
4
Let u = 48 + -29. What is the units digit of u?
9
Let x be (-64)/(-40) + 2/5. Suppose -k - 3 = 2*m, x*k - m + 3 = -4*m. Suppose -k*p + 4 = -11. What is the units digit of p?
5
Let i = 1 + -1. Suppose r + 2 - 3 = i. What is the units digit of r?
1
Suppose -j + 169 = 4*l, 3*l - 8*l = -3*j + 507. What is the hundreds digit of j?
1
Let l(a) = a + 63. What is the tens digit of l(0)?
6
Let j(d) = 5*d**2 - 6*d**2 - 1 + 0*d**2 - 10*d. What is the units digit of j(-8)?
5
Let m(x) = -5*x**3 + 2*x**2 - x. Let l be m(1). Let c = 10 + l. What is the units digit of c?
6
Suppose 2*o = -3*o + 25. Suppose -o*r + 95 - 30 = 0. What is the units digit of r?
3
Let q = -3 + 0. Let k = q + -5. What is the units digit of 8 - (-2 - k)/3?
6
Let r = 10 - -4. Let d be ((-4)/6)/(r/63). What is the units digit of d*(-3 - 2/(-1))?
3
Let b(y) = -y**2 - 13*y - 10. Let h be b(-11). Suppose s = 2*s - a - h, 2*a = -10. What is the units digit of s?
7
Let b(m) = 3*m - 3. Let z be b(4). Suppose p - z = 4. What is the units digit of p?
3
Suppose -11 + 1 = -5*u. Let t(x) = u*x**3 - x**3 + 4*x**2 + 3 + 0*x**3 + x. What is the units digit of t(-3)?
9
Let o(q) = -q - 5. Let s be o(-5). Let g be -4*(0 + -1 + s). What is the units digit of ((-1)/2)/(g/(-56))?
7
Let y(p) = p**3 + p - 32. Let c be y(0). Let t = -20 - c. What is the units digit of t?
2
Let f = -2 - -1. Let u = f + 3. What is the units digit of 3/(u - -1) - -6?
7
Let f(v) = -v**3 - 8*v**2 - 7*v + 6. Let s(g) = g + 38. Let x be s(0). Suppose -x = 4*r - 10. What is the units digit of f(r)?
6
Let m(x) = 2*x**3 - 3*x**2 - 4. Suppose 2*a - 4*i - 33 + 7 = 0, -3*a - 3*i - 6 = 0. What is the units digit of m(a)?
3
What is the units digit of 54/(-45)*5/(-2)?
3
Let d(q) = 5*q + 6. What is the tens digit of d(3)?
2
Let a be 2/3 - (-50)/6. Let g = a - 6. Suppose 0 = -4*i - g + 27. What is the units digit of i?
6
Let v = -3 - 3. What is the tens digit of -6*1/(v/15)?
1
Let h = 24 - 20. Suppose -h*y = y - 55. What is the tens digit of y?
1
Suppose -14*f + 665 = -9*f. What is the units digit of f?
3
Let t(j) = 31*j + 68. What is the units digit of t(7)?
5
Suppose -3*s + 4 = -2, 3*q - 2*s - 11 = 0. Let i = 12 - q. What is the units digit of i?
7
Let l(v) = v. Let z be l(-1). Let f = z - -1. What is the units digit of f/(-1) + 3 + 1?
4
Let c = 13 - 3. Suppose c = 3*d - 2. What is the units digit of (14/d)/((-1)/(-2))?
7
Let k = 0 + 1. Let t(s) be the first derivative of 2*s**3/3 + s**2 - s - 4. What is the units digit of t(k)?
3
Let o(i) = i + 83. What is the tens digit of o(0)?
8
Let j = -255 + 159. Let t be j/(-54) + 2/9. Suppose 4*v - 6*x + t*x - 32 = 0, -4*v + 32 = -2*x. What is the units digit of v?
8
Let n be 13/5 - 12/20. Suppose n*q = -3*q + 30. What is the units digit of q?
6
Let r(b) = -b - 1. Let w(d) = d**2 - 6*d + 2. Let o be w(4). Let z = o - -4. What is the units digit of r(z)?
1
Let v(c) be the second derivative of c**7/630 - c**6/360 - c**5/120 - c**4/3 - c. Let f(q) be the third derivative of v(q). What is the tens digit of f(2)?
1
Let h be (3/(-4))/(2/24). What is the units digit of 6 - (-6)/h*-3?
8
Let o = 10 - -48. What is the tens digit of o?
5
Let v = 12 + -12. Suppose 3*z + s = 67, 0 = -v*z - 4*z + s + 80. What is the units digit of z?
1
Suppose 4*z + 5*j = 319, z - 59 = -j + 21. What is the tens digit of z?
8
Suppose 5*t + 95 = 10*t. Let j be t + -2 - (-3)/(-1). Suppose l - j = -2. What is the units digit of l?
2
Let o be -18*((-38)/6 + 3). Suppose -f = -5*l + 66, 5*l + f - o = -4*f. What is the units digit of l?
3
Suppose -3*l + 4*l - 84 = 0. What is the tens digit of l?
8
Let p(u) = 8*u**2 - 9*u + 3. What is the tens digit of p(4)?
9
Suppose -7*w - 30 = -219. What is the tens digit of w?
2
Let x(f) = f**2 - 4*f + 4. Let m be (-3)/12 - (-34)/8. What is the units digit of x(m)?
4
Suppose -2*u + 15 = -3*x, 5*u - x - 4*x = 30. Let i be 0 + (-6)/u - 0. Let b = 10 + i. What is the units digit of b?
8
Let k(p) be the second derivative of 1/10*p**5 - 1/4*p**4 + 1/2*p**3 + 0 - p**2 + p. What is the units digit of k(2)?
8
Let x = 6 - 2. Let q(a) = 3*a**2 - 5*a + 2. What is the units digit of q(x)?
0
Suppose 223 = 6*d - 209. What is the tens digit of d?
7
Suppose 5*s - f = 81, s + 5*f = -2*s + 71. What is the tens digit of s?
1
Let w = -49 + 111. What is the units digit of w?
2
Suppose -28 = -5*d + 2. Let n be (-8)/d*(-15)/10. What is the tens digit of 2/4 - (-19)/n?
1
Let w = -62 + 125. What is the units digit of w?
3
What is the tens digit of (-2)/(-5) + (-7630)/(-50)?
5
Let c = 34 + 6. What is the units digit of c?
0
What is the tens digit of ((-7)/4)/(6/(-312))?
9
Suppose -y = -55 - 6. What is the tens digit of y?
6
Suppose -4*u + 3*r - 5*r = -66, 4*u = 2*r + 70. What is the units digit of u?
7
Let p be (-1)/(-3) + 6/(-18). Suppose -18 = -p*g - g. What is the units digit of (-22)/(-6) - g/27?
3
Suppose -2*v + 3*a = -3 - 9, -5*v + 4*a + 44 = 0. What is the units digit of v?
2
Suppose 0 = -2*g - 0*g + 182. Suppose 2*n - u = 59, 3*n = -0*n + 4*u + g. What is the tens digit of n?
2
Let w be 2/7 - (-57)/21. Suppose -5*m + 21 = -2*x, -2*x - 5*m + 11 = -18. Let u = w - x. What is the units digit of u?
1
Let k = -17 + 16. Let i(r) = r - 3. Let x(w) = -2*w + 4. Let b(t) = 7*i(t) + 5*x(t). What is the units digit of b(k)?
2
Let i = 66 - -19. What is the tens digit of i?
8
Let b be 1*9/12*44. Suppose b - 4 = h. Suppose 30 + 26 = 4*t - 4*p, t - h = 4*p. What is the units digit of t?
9
Let s be 2/12 - 105/(-18). Suppose 0*t + 2*t - 3*i = 53, -t + 5*i + 30 = 0. Suppose -g - s*o + 16 = -3*o, 5*o = t. What is the units digit of g?
1
Let m(y) be the second derivative of -3*y**2 - 1/12*y**4 - 2*y - 4/3*y**3 + 0. What is the units digit of m(-7)?
1
Let s = -35 + 67. What is the tens digit of s?
3
Suppose 5*g + 99 = 2*r - 269, -4*r = -2*g - 736. What is the tens digit of r?
8
Suppose -3*k + 27 = 2*t, -k + 0*k - 42 = -5*t. What is the units digit of t?
9
Suppose 5*a = -4*p - 33 - 7, -2*p = 2*a + 18. What is the tens digit of (18/p)/(11/(-55))?
1
Let t = 16 - 12. Suppose -3*i = -t - 62. What is the units digit of i?
2
Suppose 8*m = 4*m + 452. What is the units digit of m?
3
Suppose -38 = -b - r + 96, -3*r = 5*b - 670. What is the tens digit of b?
3
Suppose 2*m = 2*g - m, 2*m + 5 = 3*g. Suppose 5*j + 25 = 5*s, -s + 3*j = 4*j + g. Let q = s + 5. What is the units digit of q?
6
Suppose 5*y - 3 = 7. Suppose 0*k - 97 = -4*d - k, 0 = 3*d + y*k - 74. Suppose 0 = -2*i + 4*i - 2*m - d, -4*m = i - 37. What is the tens digit of i?
1
Let l(v) = -2*v + 5. Let y be l(4). Let k = 1 - y. Suppose 0 = 5*z - 3*z - k. What is the units digit of z?
2
Let p = 382 + -223. What is the units digit of p?
9
Suppose v + 60 = 2*v. What is the units digit of v?
0
Suppose -7*i + 5*w = -3*i - 226, 2*i - 5*w = 118. What is the units digit of i?
4
Let h = -18 + 42. What is the units digit of h?
4
Let s be 20/(-6)*18/(-12). Let u(d) = d**3 - 4*d**2 - 6*d + 7. What is the units digit of u(s)?
2
Let z(n) = n + 8. Let b be z(-8). Let f(k) = 4 + b*k**3 - 3*k**3 - 2*k + 5*k**2 - 5 + 2*k**3. What is the tens digit of f(3)?
1
Let r be (-4)/(0 - -2) - -29. Suppose 0 = -4*x + 13 + r. What is the tens digit of x?
1
Suppose -2*a + a + 121 = 0. What is the tens digit of a?
2
Let z(t) = -t**2 - 3*t + 2. Let q be z(-3). Suppose q*v = v + 7. What is the units digit of v?
7
Suppose k - 6 = 18. Suppose -k = -3*b - 0*b. What is the units digit of b?
8
What is the units digit of ((-40)/(-6))/((-3)/(-18))?
0
What is the tens digit of -8 + 4 - -4 - -57?
5
Let l(c) = 106*c**3 - c. What is the units digit of l(1)?
5
Let h = 3 - 3